 b be x(-6). Let y = b + p. What is the units digit of y?
6
Let h = -7 + 20. Let i be 0/(2 + (-12)/4). Let p = i + h. What is the tens digit of p?
1
Let c be -4*(-3)/2 + -1. Suppose -6 = -h + c. What is the tens digit of h?
1
Let m = -128 + 184. Let s = -21 + m. What is the units digit of s?
5
What is the tens digit of 7*3 - (-5 - -7)?
1
Let j be (-8)/(-10)*(-5)/(-2). Let x(m) = m**2 - 3*m + 5. What is the units digit of x(j)?
3
Let i = 1 - -1. Suppose 0 = 5*a, -y + 4*a = i*a - 3. What is the units digit of y?
3
Suppose 0 = -2*t - 5*k - 8 + 24, 0 = -t + 2*k - 1. Suppose l = 2*w + 7, 7 = 2*l - 4*l - t*w. What is the units digit of l?
1
Let b = 180 - 28. What is the units digit of b?
2
Let n(o) = o**2 - 6*o - 4. Let s be n(8). What is the tens digit of 152/s - (-4)/(-6)?
1
Suppose 0 = -w + 4*o - 8, 7*o - 2*o = -5*w + 60. What is the units digit of w?
8
Suppose 5*g - t - 19 = 0, 5*g + 5*t + 5 = -0*g. Let d(y) = -2*y - g*y - 6*y**2 + 2 + 4 - y**3. What is the units digit of d(-5)?
6
Suppose 2*q + o = 52, 2*q - 3*o + o = 58. What is the tens digit of q?
2
Suppose 2*y = 6*y - 232. What is the tens digit of y?
5
Let j = -7 + 7. Suppose 3*s - 3*a - 15 = 0, j = s - 0*a - 2*a - 4. What is the units digit of s?
6
Suppose 2*v = -v + 12. Suppose 2*r + 2*r - 20 = 0. Suppose -j = 5*a - 2, -v*a - 1 + 11 = r*j. What is the units digit of j?
2
Let c(a) = a**2 + 3*a - 6. Let d be c(-5). Suppose d = -o - 5. Let i = o + 18. What is the units digit of i?
9
Let f = 0 - -3. Suppose 66 = 3*c - 5*w + 6, -3*c = -f*w - 54. What is the tens digit of c?
1
Suppose 4*y + 42 = -42. Let i = 30 + y. What is the units digit of i?
9
Suppose 1 = -o - 0. Let a be (0/o)/(-1*2). What is the units digit of -2*(-2)/(2 - a)?
2
Let p be (1 - 2) + -4 + 0. Let i(c) = -c**3 - 3*c**2 + 6*c + 3. What is the tens digit of i(p)?
2
What is the tens digit of (-10)/25 - (-214)/10?
2
Let m(r) be the second derivative of -r**5/20 - r**4/4 - r**3/6 - r**2/2 - r. Let w be m(-3). Suppose -3*j + w = -4. What is the units digit of j?
2
Suppose -3*n + 0*o = -2*o - 6, -2*n - 5*o = -4. Suppose -5*p + 5*y = -75, -n*p - y + 45 = -6*y. What is the tens digit of p?
1
Let l(b) = b**2 - 5*b + 8. Let f be (24/(-10))/(10/(-25)). What is the tens digit of l(f)?
1
Let m = 143 + -90. What is the tens digit of m?
5
Let s(u) = 3*u - 2. Let x be s(-3). Let c = 19 + x. What is the units digit of c?
8
Suppose 0 = 3*x - 15, -2*x + 0 = -4*s - 10. Suppose -f + 6*f - 60 = s. What is the units digit of f?
2
Let v be (-114)/9 - 3/9. What is the units digit of (6 - 2)/((-2)/v)?
6
What is the tens digit of (216 - 3)*5/15?
7
Suppose 2*a - 6*q - 32 = -2*q, 2*a - 2*q = 26. Suppose -2*o = -a, 0 = -4*g + 5*o - 4 + 71. What is the units digit of g?
3
Suppose 2*d = 3*d. Suppose d = 4*g - 8 - 32. What is the tens digit of g?
1
Let p be ((-3)/(-9))/(2/18). Suppose -5*f - 2*g + 9 = -p*g, 4*f = 5*g + 24. What is the units digit of f?
1
Suppose 5*u - 711 = 394. What is the units digit of u?
1
Suppose -2*f + 4*w + 12 = 0, -f - 8*w = -4*w. Suppose f*k + 0*k - 44 = 0. What is the tens digit of k?
1
Suppose -z = -20 + 5. What is the units digit of z?
5
Let k = 1 + -5. Let j = k - -18. What is the units digit of j?
4
Let q(y) = y**2 + 5*y + 6. Let g = 3 + -8. Let m be q(g). Suppose -m = -b - b. What is the units digit of b?
3
Let n(z) = -z**2 - 5*z - 5. Let s be n(-5). Let c be (1 - -1) + 19 + s. Suppose d - c = -d. What is the units digit of d?
8
What is the units digit of 1784/6 - (-19)/(-57)?
7
Suppose -4*y - 18 = -y. Let u = -5 - y. Suppose u = -3*v + 37. What is the tens digit of v?
1
Suppose -6*j + 4*j = -6. Let y be j/(-5) + (-18)/(-30). What is the units digit of 6 + -7 + (11 - y)?
0
Suppose -b + 15 = 4*b. What is the units digit of b?
3
Let v(d) = -36*d - 2*d**3 + 36*d. Let o be v(1). What is the tens digit of o + (5 - 2) + 15?
1
Suppose -j - 1 - 43 = -5*l, 0 = 4*l - 5*j - 31. What is the units digit of l?
9
Let x(m) = -m**3 + 9*m**2 + 13*m - 7. Let a be x(10). What is the units digit of a + 0 + -2 + -1?
0
Let g(j) = j**2 - 2*j - 4. Let p be ((-36)/(-4))/((-3)/(-2)). Let i = p + -9. What is the units digit of g(i)?
1
Suppose 4*h = q - 7, 2 = -4*q + 6*q + 4*h. Let r(t) = t**3 - 3*t**2 + 3*t + 1. What is the units digit of r(q)?
0
Let b(l) = l**3 - 2*l**2 + 2*l - 2. Let h = -11 + 8. Let s = 5 + h. What is the units digit of b(s)?
2
Suppose 0 = 2*m - 4*m + 504. What is the tens digit of m?
5
Let c(g) = -4*g + 4. Let q(d) = 3*d - 4. Let w(r) = 2*c(r) + 3*q(r). Let p be w(7). Suppose 2*m + p*m - 60 = 0. What is the tens digit of m?
1
Suppose 0*z + 2*z = -14. Let j = 10 + z. What is the units digit of j?
3
Let w = -12 - -121. What is the units digit of w?
9
Suppose -4*c = -7 - 1. Suppose c*f = 5*t + 23, 5*f - 3*t - t = 49. What is the units digit of f?
9
Let m(b) = 35*b**2 + 3*b - 4. What is the units digit of m(-3)?
2
Suppose 5*d = -5*v - 0*v + 820, 4*v + 3*d = 660. Suppose -m = 4*n - v, -n + 33 = -2*m - 0*m. What is the tens digit of n?
4
Suppose 4*c + 0*c = 360. Suppose -3*k + c = -k. What is the units digit of k?
5
Let b = 23 + 11. What is the units digit of b?
4
What is the units digit of (4/(-2))/(-2)*65?
5
Let r(l) = 3*l - 7. Let b be r(3). What is the tens digit of (-13)/(-4 + b - -1)?
1
Let h = -1 - -4. What is the units digit of (-13)/((h/6)/(-1))?
6
Suppose 0 = 6*i - 0*i - 228. What is the tens digit of i?
3
Let p(b) = b**3 + b + 1. Suppose -4*d - 2*k = -2, -d + 5 = -2*k + k. What is the units digit of p(d)?
1
Let b(x) = x**3 + 3*x + 4. What is the tens digit of b(3)?
4
Let d = -8 - -13. Suppose 0 = -2*x - 5*a - 1 + 32, -5*x + d*a + 95 = 0. What is the tens digit of x?
1
Let m = 599 + -404. What is the hundreds digit of m?
1
Let z = -33 - -22. What is the units digit of -1*1*z - 2?
9
Suppose -7*d + 423 = -1313. Suppose -4*u - 4*i - 61 = -285, 4*i = 4*u - d. What is the tens digit of u?
5
Suppose 0*z = 2*n + z - 6, -3*n + 12 = 3*z. Suppose w + w = -n. What is the tens digit of 1 - 1/(w/12)?
1
Suppose -5*w - w = -78. What is the units digit of w?
3
Suppose 0 = 5*y - 12 + 32. What is the units digit of 16/7 + y/14?
2
What is the tens digit of (-3304)/(-36) + (-4)/(-18)?
9
Let n = -30 - -154. What is the hundreds digit of n?
1
Let s(b) = -b**3 - 7*b**2 - 3*b + 7. What is the tens digit of s(-7)?
2
Suppose 8*a - 475 = 3*a. What is the tens digit of a?
9
Let w = 10 - 9. Suppose 0 = -4*c - 5*s - w, c + 4*c + 4*s - 10 = 0. What is the units digit of c?
6
Let a(l) = 8*l**2 + l**3 - 1 + 6*l + l + 3. Let j be a(-7). Suppose -j*f = 3*f - 10. What is the units digit of f?
2
Let t be (-76)/(-12) - (-2)/3. Let h = 12 - t. Suppose -h*a + 0*a + 35 = 0. What is the units digit of a?
7
Suppose -3*l + 2*l - z + 11 = 0, 0 = -5*z + 15. Let c(k) = -k**2 - k - 2. Let a be c(0). Let j = a + l. What is the units digit of j?
6
Let g(l) = -l**3 + 5*l**2 + 4*l + 7. Let a(o) = -o**3 - o**2 - o. Let u(s) = -2*a(s) + g(s). Let m = -22 + 16. What is the units digit of u(m)?
7
Suppose -25 = 3*j + 2*p + 12, 5*j = 5*p - 95. Suppose -10 = 2*v + 10. What is the units digit of 3/j + (-122)/v?
2
Suppose -l = -15 + 4. What is the units digit of l?
1
Suppose 0 = -3*l - 0*l + 5*a - 4, 10 = 3*l + 2*a. Suppose -g = -l*g - 4. What is the tens digit of ((-11)/g)/((-1)/(-4))?
1
What is the units digit of (1 - 3)*6/(-12)?
1
Let j = 4 - 4. Suppose 2*w + 2*w - 84 = j. Let m = w - 12. What is the units digit of m?
9
Let c(y) = y**3 - 5*y**2 + 6*y - 6. Let j(x) = -2*x + 2. Let d be j(-2). Let z = d - 2. What is the units digit of c(z)?
2
Let j be -6 - (-3 + 2)/1. Let p = j + 7. Suppose -3*n + 13 = 2*n + 2*s, 14 = p*n + 3*s. What is the units digit of n?
1
Suppose 0 = -4*i + 2*i + 132. What is the units digit of i?
6
Let h = 31 + -7. Suppose -h = -r - 0*r. What is the units digit of r?
4
Let g be (1 + -3 - 1) + 395. What is the units digit of g/20 + (-2)/(-5)?
0
Let r = 22 + -16. Let y be ((-12)/2)/(r/8). What is the units digit of (-35)/(-4) - (-6)/y?
8
Suppose 0 = n - 3*n + 8. What is the units digit of (-2 + n)*(-12)/(-8)?
3
Suppose -3*g = 3*n - 9, 4*g = -3*n - 2 + 9. Let k be g - (4*-1 + -1). Suppose -9 - k = -3*l. What is the units digit of l?
4
What is the tens digit of (462/(-11))/(-1*1)?
4
Suppose -2*o = 0, -7*o + 2*o = -3*d + 78. What is the tens digit of d?
2
Let u(d) = -